-2*r - b*c + 28 = 0, 21*c - 17*c + 70 = 5*r. Calculate the highest common divisor of r and 91.
7
Let j(x) = 9*x**3 + 150*x**2 + 51*x + 15. Let w be j(-16). What is the greatest common factor of 105 and w?
105
Suppose -3*t - t = -1144. Suppose 14712*u + 15912 = 15324*u. What is the greatest common divisor of t and u?
26
Let o = 4137 - 3921. What is the greatest common divisor of o and 594?
54
Let f(z) = z**2 - 8*z + 12. Let c be f(7). Let j be c - 5/((-15)/6). What is the highest common factor of 161 and j?
7
Let x be (2/8 - (-815)/(-12))*252/(-28). Calculate the greatest common divisor of 3132 and x.
87
Let g be -3*((-3488)/(-24))/(-4). Suppose g = z + t, -36*z - 3*t = -31*z - 547. What is the greatest common factor of 20 and z?
10
Suppose 3047 = 8*p - 601. Suppose -177 = -3*b - 5*z, 5*b = 3*z + p - 127. What is the greatest common divisor of b and 2?
2
Let t(l) = l**3 - 29*l**2 + 38*l - 226. Let f be t(28). Let q = 76 - -212. What is the greatest common factor of f and q?
18
Let w(t) = 29*t**3 - 11*t**2 - 9*t + 5. Let a be w(-3). Let r = a - -910. What is the highest common divisor of 135 and r?
15
Let o be (-2 + (-142)/6)/(19/(-57)). Calculate the highest common factor of 203 and o.
7
Let o = 924 + -923. Let t be 4 + (198 - o) + 8. What is the greatest common divisor of 114 and t?
19
Let k be (2 - 0)/(1/26). Let h be 54 - (150/(-60)*24/(-5) - 23). Calculate the greatest common factor of k and h.
13
Suppose 3*k - 621 = -4*s, 5*k - 5*s - 1035 = -0*s. Let y(b) = -5701*b + 34482. Let j be y(6). Calculate the highest common factor of j and k.
69
Let c = -208 - -210. Suppose 0 = -2*j + w + c*w - 5, 4*w + 5 = 5*j. Calculate the highest common factor of j and 295.
5
Suppose 1278 = -2*m + 2*p, 2*m + 1258 = -0*m - 2*p. Let i = -474 - m. Calculate the greatest common divisor of 32 and i.
32
Let q = 915 - 592. Calculate the greatest common divisor of q and 170.
17
Suppose -7*l + 81070 = 31419. Calculate the greatest common factor of 519 and l.
173
Let z(x) = 136*x**2 - 267*x - 1032. Let j be z(-4). Calculate the highest common factor of j and 7.
7
Suppose 9*w - 1108 = 125. Suppose -o - 53 = -w. What is the highest common divisor of o and 30?
6
Let s = 14 - -1. Suppose -4*p = s*p - 456. Suppose 0 = -v - q + 4, 0 = v + 5*q - q + 8. Calculate the highest common divisor of p and v.
8
Let s = 131 + -8. Let b = -57 + s. Calculate the highest common divisor of 18 and b.
6
Suppose 2*y = 3*g - 43 - 42, -2*g + y = -55. Suppose p + 8 = 5*p. Let k be 10/(-6) + p + (-74)/(-3). What is the highest common divisor of g and k?
25
Let c(j) = 689*j - 9634. Let v be c(14). Calculate the highest common factor of 148 and v.
4
Let a(p) = -p**2 - 18*p. Let n be a(-16). Let o be ((-13)/(195/(-3480)))/(3/12). Calculate the greatest common divisor of n and o.
32
Let z be (3 + -18)/((-80)/32). What is the highest common divisor of z and 222?
6
Suppose 27*h = 16*h + 88. Let n be (2*(-2)/h)/(1/(-128)). Calculate the greatest common divisor of n and 192.
64
Let l(b) be the second derivative of b**4/4 - b**3 + 35*b**2/2 + 111*b. Let a be l(5). Suppose 0 = 3*c + c - 32. What is the highest common factor of a and c?
8
Let s be 20/(-50) + (-434)/(-10). Let d = s + -35. Suppose h - d = -h. Calculate the highest common divisor of h and 2.
2
Let n be (-53 + 16/(96/78))*-16. Suppose 9*a - 5*a = 320. Calculate the greatest common factor of n and a.
80
Suppose -29098 = -39*f - 17*f + 156318. Calculate the greatest common factor of f and 21.
7
Let g = -11150 - -19223. What is the highest common divisor of 9 and g?
9
Let t(m) = 6*m**3 - 2*m**2 + 2*m - 2. Let q be t(1). Suppose 7*r = q*r - 15, -i + 12 = r. What is the greatest common factor of 2 and i?
1
Suppose 312*f - 292*f = 800. Let w be 3/(5 - (5 - 1)). Suppose 45 = w*y - 3. Calculate the highest common factor of f and y.
8
Suppose -1550 = -5*x + 4*b, -30*b = 4*x - 34*b - 1240. What is the highest common factor of 270 and x?
10
Suppose -3*k + 96 = 3*b, -2*b + 78 = -6*k + k. Let i(z) = 73*z**2 - 19*z + 46. Let n be i(3). What is the highest common divisor of n and b?
34
Suppose 4*i = -5*v + 9414, 6*v - 5*v + i - 1882 = 0. Let u be (-3*4)/((-69)/v). Suppose -10*r - 9 + 419 = 0. What is the highest common factor of r and u?
41
Let w be (4140/(-483))/(3/(-70)). Calculate the highest common divisor of w and 50.
50
Suppose -3*f - 25 = -2*w - 152, f + w - 34 = 0. Suppose 3*d - 324 = -3*t, -6*t + 292 = 3*d - 11*t. Calculate the greatest common factor of f and d.
13
Let b(d) = d**2 - 23*d + 17. Let g be b(27). Suppose -g*x - 1242 = -131*x. What is the highest common divisor of 23 and x?
23
Suppose -5*p + 5081 = -i, -3*p + 0*p - 5*i + 3043 = 0. Suppose -4*k + p = -68. Suppose -c = 100 - k. Calculate the greatest common divisor of c and 19.
19
Suppose 0 = -4*d - 154 + 30. Let m = d + 53. Suppose 5*t - m = -3*z, -5*t + 15 = 4*z - 6. What is the highest common factor of 35 and t?
5
Let y = -4997 - -5015. What is the highest common divisor of 438 and y?
6
Suppose 3*w + 1563 - 508 = 4*m, -3*m + 795 = -w. What is the highest common divisor of m and 3059?
133
Suppose -2*p - 4 + 34 = 0. Let h be 1935*(16/3 + (4 - 9)). Calculate the highest common factor of h and p.
15
Let i(l) be the second derivative of -103*l**3/6 - 139*l**2/2 + 193*l. Let f be i(-10). What is the highest common divisor of f and 11?
11
Let c = -165 - -359. Suppose -93 = y - c. Let n = -74 + y. What is the highest common divisor of 243 and n?
27
Suppose -277 = 2*q - 1007. Suppose 0 = -5*g - q - 125. Let s = g - -144. What is the highest common factor of 23 and s?
23
Let p be 0 + ((-6)/(-1) - 3) + 4. Suppose p*f + f - 1120 = 0. Let q(b) = b**3 - 15*b**2 + 20. Let w be q(15). What is the highest common factor of f and w?
20
Suppose 0 = -39*k + 25*k + 1246. Let o = -8 + 13. Suppose -o*i + k = 14. What is the highest common divisor of i and 6?
3
Suppose 0 = 4*p - 2*y - 182, 219 = 5*p + 2*y - 22. Let j = -77 + 39. Let n = j + p. Calculate the greatest common factor of n and 18.
9
Let a(c) = 17*c**2 + 312*c + 27. Let v be a(-22). Calculate the greatest common divisor of v and 1284.
107
Let i be (6/(-12))/(1/(-14)). Suppose 0 = -i*d - 5*d - 684. Let o = -53 - d. Calculate the greatest common divisor of 1 and o.
1
Let n be (-352)/(152/(-38)) - (-1 - -2)*4. What is the greatest common divisor of 3156 and n?
12
Suppose -5*z - 5*x + 45 = 0, 3*x + x = 2*z + 12. Suppose -z*a + 2*a = -2. What is the greatest common divisor of a and 29?
1
Let y(v) = 7*v**2 + v + 1. Let s be y(1). Suppose 3*j + 4*h = 20, j + s = 2*h + 29. What is the greatest common divisor of 96 and j?
12
Let o(n) = -2*n**2 + 9. Let l be o(-4). Let b = -20 - l. Suppose -6*q + 72 = -0*q. Calculate the greatest common factor of q and b.
3
Suppose 32 = 2*m + 3*j + 41, 2*m - 41 = 7*j. Let z(a) = -4*a**2 - a - 1. Let k be z(-1). Let t = -1 - k. Calculate the highest common divisor of m and t.
3
Let y = 427 + -210. Let d be (-160)/(-26) - (-10)/(-65). Suppose -d*q = 64 - 250. Calculate the greatest common factor of y and q.
31
Suppose -5*o + 48 = -4*o. Suppose -3*a + 64 = 2*d, 3*d + 2*a - o - 38 = 0. Let t be (-23)/(-92) - 412/(-16). Calculate the greatest common factor of t and d.
26
Let a be 1081353/126 - 2/12. What is the highest common divisor of 14 and a?
14
Let q(h) = -7*h + 9. Let w be q(3). Let a be (-26)/(-3) - 4/w. Calculate the highest common factor of a and 225.
9
Suppose -6*n = -42 - 54. Let f = 177 - 93. What is the greatest common factor of n and f?
4
Let p be (-1364)/(-110) - 2/5. Let w = -23 + 29. Calculate the highest common factor of w and p.
6
Let q = -153 + 717. Suppose j - 5*g = 20, 20 = j + 3*j - 5*g. Suppose 0 = 12*k - j*k - q. What is the greatest common divisor of 47 and k?
47
Suppose 0 = 14*y - 54 - 226. What is the greatest common factor of y and 1115?
5
Let n = -10118 + 10138. Calculate the greatest common factor of 2125 and n.
5
Let f be (-2)/(-8) + (-11)/(-4). Let t = 246 - 242. Suppose 0 = -t*q - 16, -4*q - f = 3*h - 2*h. Calculate the greatest common divisor of 39 and h.
13
Suppose 34*p - 5*w - 54 = 32*p, 0 = 5*p - w - 66. Suppose -5*h + 2*h = -12. Calculate the highest common divisor of p and h.
4
Let x be -2*97*21/(-14). Let u = -275 + x. Let q be (-2)/5 + (-1926)/(-15). What is the highest common factor o